*3/6 - 2*x**2 - x - 11. Let y(s) be the first derivative of q(s). Determine y(0).
-4
Suppose x - 5*x = -l - 4, -5*x + 2*l = -2. Let r(b) = 17*b - 53. Let d(n) = -4*n + 13. Let m(h) = x*r(h) + 9*d(h). Determine m(9).
-7
Let k(c) be the first derivative of 3*c**3 - c**2 - c - 30. Suppose 0 = 10*r - 3 + 13. Determine k(r).
10
Let l(w) = -21*w - 282. Let k be l(-14). Let p(a) = -a**2 + 15*a - 11. Calculate p(k).
25
Let b(g) = -58*g**3 + g**2 + g + 1. Let h = 82 - 83. What is b(h)?
59
Let t(f) = -6*f + 26. Let u be t(4). Suppose -3*w = -0*s - 3*s - 9, 4*w = s + 15. Let j(o) = o**u + 0*o + s + 2*o + 6 - 3. What is j(-4)?
12
Let f(z) = 3*z - 3*z + 0 + 14 + 2*z. Let j be f(-6). Let w(q) = -3*q**2 + 2*q**3 + 4*q + q**3 - q**3 - 3. What is w(j)?
9
Let c(y) = 7*y - 1. Let o be 4/3*4/(-16)*-6. Let l(f) = -4*f + 13. Let t(s) = 2*s - 7. Let u(d) = -4*l(d) - 7*t(d). Let q be u(o). Calculate c(q).
6
Let u be (-1)/2*(-32)/(-8). Let t(l) = 0*l**2 + 1 - 4*l**2 - l**3 + 0 - l + 2*l**2. Determine t(u).
3
Let n = -259 - -259. Let o(z) = -z**3 - z**2 - 3. What is o(n)?
-3
Let z(o) = 7*o. Suppose -11*c + 7*c - 8 = 0. What is z(c)?
-14
Let b(z) = -13*z - 6. Let i(f) = 4*f + 2. Let x(a) = 2*b(a) + 7*i(a). Suppose -3*k + 32 = 2*r, 2*k = -0*r + 4*r. Let l be (3 - (k - 3)) + 6. What is x(l)?
10
Let u(z) = 8*z**2. Let i(r) = -r**2 - 23*r - 1. Let o be i(-22). Suppose -4*w = -o + 9, 4 = -2*h + 2*w. Calculate u(h).
8
Let j(r) = r**3 + r**2 - 6*r + 1. Let s(o) = -2*o**3 - 16*o**2 + 20*o + 162. Let c be s(-8). Determine j(c).
1
Let z be 1/(1/2) + -2. Suppose -g = -z*g - 1. Let t(f) = -15 + 25 + 7*f - 4*f + 7*f - 9. What is t(g)?
11
Let m = 48 + -53. Let w(n) = 15*n + 15. Let k(q) = -76*q - 74. Let f(h) = -2*k(h) - 11*w(h). Let s(z) = -3*z - 4. Let t(u) = -2*f(u) + 9*s(u). Calculate t(m).
3
Suppose -12*f + 34 = -13*f. Let c be (0 - -3)*f/(-6). Suppose 4*w - c = q - 3, 0 = 5*w - 20. Let i(g) = 3*g**2 - g - 1. Determine i(q).
9
Let y(x) = 4*x**2 - 3*x + 2. Let u be (-24)/32 - (-23)/4. Suppose -8*c + u*c + 6 = 0. What is y(c)?
12
Let z(x) = x**3 - 11*x**2 + 14*x - 36. Let t be z(10). Let w(j) = -6*j + 16. What is w(t)?
-8
Let j(m) = -6*m**2 - 14*m - 2*m**2 - 6*m + 14*m - m**3 + 4 + 0. What is j(-7)?
-3
Let x(y) = y**3 + 11*y**2 - 2*y + 2. Let k(w) = -w**2 + w. Let g(q) = -6*k(q) - x(q). Suppose -3*t = 3*a + 15, -t - 25 = 4*a - 8. Determine g(a).
-2
Let w(p) = -12*p**3 - p**2 + p - 1. Let v(a) = -29*a - 376. Let g be v(-13). What is w(g)?
-13
Let q(m) be the second derivative of -m**4/12 + m**3/2 + m**2/2 + 33*m. Let w be 4/(-8) - 14/(-4). Calculate q(w).
1
Let a(r) = 1. Let p(u) = -6*u**3 - 3*u**2 - 4*u + 1. Let t(y) = -4*a(y) + p(y). Calculate t(-2).
41
Let r(k) = -17 + 3*k + 0 - 2*k. Let u be r(15). Let z(b) = -4*b - 1. Give z(u).
7
Suppose -4*o - 8 = 16. Let q be (-1)/(3/(o/(-2))). Let t(k) be the first derivative of -9*k**2/2 - k - 83. Calculate t(q).
8
Let k(n) be the first derivative of -n**3 - n**2 + n - 1. Let y be 1328/144 + 4/(-18). Let t be (1/4)/(y/36). What is k(t)?
-4
Let p(v) = -v - 2. Let w(j) = 3*j**2 + j - 1. Let n(z) = p(z) - w(z). What is n(-1)?
-2
Let j(o) = o**2 - 13*o + 6. Let d be 3*(-1)/18 + 765/54. What is j(d)?
20
Let p(s) = s**3 + 7*s**2 + 6*s + 7. Let m(r) = -r**3 - r + 1. Let d be m(0). Let j be (3/(-2))/(d/(-2)). Let f be -3 - (2 + -2 + j). Calculate p(f).
7
Let v(y) be the second derivative of -y**6/120 - y**5/40 - 11*y**4/12 - 5*y. Let d(h) be the third derivative of v(h). What is d(3)?
-21
Suppose 2*w = -3*q - 2*w + 7, 21 = 5*q + 2*w. Let r(l) = l**2 - l - 2. Give r(q).
18
Let h(u) = -2*u**2 - 15*u + 6. Let a(t) = 3*t**2 + 29*t - 13. Let b(k) = 3*a(k) + 5*h(k). Let g be b(8). Let x = g - 23. Let l(z) = -z**2 + 8. What is l(x)?
8
Suppose -1 + 13 = -4*p. Let c be ((-4)/p)/(26/117). Let l(x) = 3*x**2 + 2*x - 10. Let b(j) = -5*j**2 - 5*j + 19. Let h(y) = -4*b(y) - 7*l(y). Give h(c).
-6
Suppose n + 1 = i, -6*i + 3*n = -9*i + 21. Let a(w) = -4*w + 6. Calculate a(i).
-10
Let m(w) = w**2 + 17*w + 2. Let c = -90 + 73. Let k be m(c). Let s(y) = -1 + 4*y - 2*y + 5*y**2 - 4*y - y**2. Calculate s(k).
11
Let x(o) = 828*o - 4977. Let h be x(6). Let u(k) = -4*k**2 + k**3 + 13*k**2 - 9 - k - 2. Calculate u(h).
-2
Let d(r) = r**2 + 7*r + 5. Let m(l) = l**2 + 12*l - 13. Let q be m(-13). Let o(k) = -k + 9. Let b be o(q). Suppose -2*f - 3 = b. Calculate d(f).
-1
Let r(b) = 14*b**3 + 14*b**3 + 4 - 27*b**3. Let c be r(2). Let z(q) = -3 - 11*q**2 - 7*q + c*q**2 + 1. Give z(6).
-8
Suppose 4*x + 7 - 75 = 0. Suppose 2*u + 5*c = -3*u + 35, -u + 5*c = x. Let h(n) = -2*n**2 - 3 + 15*n**3 + 1 - 14*n**3 - 2*n. Calculate h(u).
1
Let n = 182 + -183. Let z(f) = -10*f**2 - f. What is z(n)?
-9
Let r(a) = -449 + 4*a**3 + 450 - 3*a**2 + a**2. Calculate r(1).
3
Suppose 2*v = -3*w + 359, -4*v + 460 = 4*w - 6*v. Let g = w - 110. Let j(q) = q - 8. Determine j(g).
-1
Let z be (-4 - 31/(-4))*(-80)/(-50). Let j(a) = a**2 - 10*a + 15. Calculate j(z).
-9
Let h be 43/(-9) + (-6)/27. Let v(l) = -l**2 - 13*l - 6. Let n(j) = -3*j**2 - 37*j - 15. Let z(u) = -4*n(u) + 11*v(u). Determine z(h).
-6
Let f(x) = 2*x**2 + 5*x - 2. Let l(s) = s**2 + 3*s - 1. Let b(y) = -4*f(y) + 7*l(y). Let p(w) = -w**2 + 6*w + 2*w + 4 - 5*w. Let h be p(4). What is b(h)?
1
Let w(a) = a**2 + a + 0*a + 1 - 14996*a**3 + 14992*a**3. Suppose -4*u = d + 3, 4*d = -4*u + 5*u + 5. Let b be 1 - ((u - -3) + 0). Determine w(b).
5
Let a(z) = z**3 - z + 5. Let r be a(0). Suppose 3*k = -c - r, 3*c + 3*k - 6*k = 21. Let l(o) be the second derivative of -o**3/6 + o**2/2 + o. Determine l(c).
-3
Let t(y) = -3*y - 22. Suppose -3*u = 4*p + 23, -11 = 3*p + 3*u + 4. Calculate t(p).
2
Let a be (-438)/36 + (3/18)/1. Let p(c) = c**2 + 12*c + 1. What is p(a)?
1
Let h(g) = -2*g - 7. Let b(o) be the third derivative of -5*o**4/12 + 7*o**3/3 - 35*o**2. Let f be b(2). Calculate h(f).
5
Let w(j) be the second derivative of 0 + 5/6*j**3 - 1/20*j**5 + 5/2*j**2 + 5/12*j**4 - 14*j. Determine w(6).
-1
Suppose -163*p = -164*p + 2. Let h(m) = 2*m**2. What is h(p)?
8
Let b be (-9)/(1*-3)*(-6)/(-6). Let k(s) = 272 + 3*s + 2*s - 273 - 11*s**2 - b*s. Calculate k(1).
-10
Let i(v) be the third derivative of v**6/120 - v**5/12 + 5*v**4/24 - v**3/6 + 160*v**2. Let a be -3*1*12/(-9). Give i(a).
3
Let x(a) = a + 3. Let w be (3/(-6) + 1)*10. Suppose -4*y - 32 = -l, w*l = 4*y + 3 + 29. Let z be y + (-2 - -2) - -3. What is x(z)?
-2
Suppose -3*a = -4*a + 6*a. Let f(t) = a - 1 + 0 - 2 - 2*t. Calculate f(-3).
3
Let m(x) be the third derivative of -x**6/120 + 7*x**5/30 + x**4/12 - 17*x**3/6 + 74*x**2 + 2. What is m(14)?
11
Let k = 10 - 10. Let f(d) = d - 4 + 3 + k. Calculate f(4).
3
Let r(s) = -s**3 - 4*s**2 - 3*s + 3. Let u = 34 - 35. Let d be -6*(u + 3*(-3)/(-6)). What is r(d)?
3
Let h(t) = t**2 - 3*t + 1. Let m(i) = -4*i + 26. Let s be m(6). Suppose w = -s*w + 12. Calculate h(w).
5
Let b = 59 - 61. Let y(g) = 2*g**3 + g**2 - 2*g + 1. Determine y(b).
-7
Let s be (-76)/18 - (-8)/36. Let c(d) be the second derivative of d**5/20 + d**4/3 - 3*d**2/2 + 22*d - 1. Calculate c(s).
-3
Let f(r) be the third derivative of -r**6/120 + r**5/60 + r**4/24 - r**3/6 - 80*r**2 + 1. Calculate f(1).
0
Let u(a) be the second derivative of -9*a**5/10 + a**3/3 + a**2 - 735*a. What is u(-1)?
18
Let h(u) = -5*u**3 + 4*u**2 - 9*u - 4. Let c(j) = -13*j**3 + 8*j**2 - 19*j - 9. Let o(m) = 2*c(m) - 5*h(m). Calculate o(-6).
32
Let g(o) = -o**3 - 4*o**2 + 5*o - 5. Let h = -12 - -7. Let i be g(h). Let y(r) be the second derivative of r**3/6 + 6*r**2 + 18*r. Give y(i).
7
Let i be (2 + (-5)/2)*-8. Let k(u) be the second derivative of u**3 + u**2/2 - 254*u. Calculate k(i).
25
Suppose -2*g = -19*g + 85. Let u(s) = -4*s + 9 - 4 + s - 1. What is u(g)?
-11
Suppose 5*w + 85 = 4*g, g - 36 = -g - 4*w. Let b be (-42)/35*g/(-6). Let o(h) be the first derivative of h**2/2 - h - 3. Calculate o(b).
3
Let z(w) = -25*w - 8*w + 37*w - 7*w + 23. Determine z(10).
-7
Let s be (-70)/(-56) + 6/8. Let z(p) = 6*p**2 - 12*p**s + p**3 - 3 + 0*p + 4*p - 9*p. Determine z(7).
11
Let r(v) = 5 + 3*v + 0*v - 4*v. Let h(y) = -y**2 - 6*y - 6. Let f be h(-3). Let p(b) = b**3 - 3*b**2 + b + 2. Let s be p(f). Give r(s).
0
Let z(b) = -b**3 - 4*b**2 - b + 4. Let q(g) be the second derivative of -1/4*g**4 - g + 0 + g**2 + 1/3*g**3. Let k be q(-1